t are the prime factors of -58*-2*m/(-8)?
29
Let m(s) = s. Let o be m(2). Suppose -2*i - 3*x + 3 = i, o*i - 5*x - 23 = 0. List the prime factors of i.
2
Let c be 14/8 + 1/4. Suppose 3*s = -i - c*s + 4, i = 5*s + 4. Suppose -6*h - 61 = -11*h + 3*k, -i*h + k = -53. What are the prime factors of h?
2, 7
Let c(g) = -g**3 + 6*g**2 + 6*g + 10. Let s be c(7). List the prime factors of s/(-1 - (-16)/13).
13
Let j = 87 + -41. Let r be (-18)/12*4/(-3). Suppose -r = -4*u + j. List the prime factors of u.
2, 3
Let a = -20 + 54. Suppose -2*r - a + 136 = 0. List the prime factors of r.
3, 17
Suppose -3*c + 6 = 0, -5*h + 0*c + 5*c - 10 = 0. Suppose 0 = -5*q - 5*y + 10 - h, -q + 7 = -4*y. Suppose 0 = q*l + 2*l - 100. List the prime factors of l.
2, 5
Suppose -3*l - 18 = -5*l. What are the prime factors of (l/15)/(3/75)?
3, 5
Let g(f) = 3*f + 1. Let h be g(-6). Let m = h + 29. List the prime factors of m.
2, 3
Suppose -3*o = -2*j + 2*o + 121, 0 = -3*j - o + 139. Let b = j + -29. What are the prime factors of b?
19
Let p(b) = -2 + 0 + 2*b + 4. Let w = 6 + -4. List the prime factors of p(w).
2, 3
Suppose 5*y - 34 = -4*g, 4*y - 2*y - 17 = -5*g. Suppose y*m = m + 55. What are the prime factors of m?
11
Suppose 0 = 2*p - 2*j + j - 3, -p - j = -6. Suppose 3*x = -p*i + 108, 1 = -x - 5*i + 45. What are the prime factors of x?
2, 17
Let c = -35 - -54. Suppose -z + 109 = c. What are the prime factors of (-1)/4 - z/(-8)?
11
Suppose -42 = -5*w - d, 0 = w - 6*w + 2*d + 51. What are the prime factors of w?
3
Let z be -7 - (-1 + 3) - -2. Let w(v) be the first derivative of v**3/3 + 5*v**2/2 - 3*v + 2. What are the prime factors of w(z)?
11
Suppose 105 = 5*x - j - 138, -3*j - 57 = -x. List the prime factors of x.
2, 3
Suppose -l = -2*j + l + 58, -4*l = 5*j - 109. Let m = j - 13. List the prime factors of m.
2, 3
Suppose -2*f = -2*z + 356, 4*z + 5*f - 983 + 253 = 0. What are the prime factors of z?
2, 3, 5
Let n(v) = -v + 1. Let t(s) = -2*s + 8. Let q(y) = 6*n(y) - 2*t(y). List the prime factors of q(-8).
2, 3
Suppose 0*d - 42 = -2*d. Let u = d + 25. What are the prime factors of u?
2, 23
Let p be 4/(-12)*(1 - 1). Suppose p = 3*r - 16 - 14. List the prime factors of r.
2, 5
Suppose 2*b + 0 - 2 = 2*w, 0 = 2*w + 4. Let z = -1 - b. What are the prime factors of (-7 - -2)*(z + -1)?
5
Let u = -441 - -875. What are the prime factors of u?
2, 7, 31
Let v(l) = l**3 + 4*l**2 + 3*l + 2. Let n(c) = 2*c + 1. Let s be n(-2). Let k be v(s). Suppose -72 = -k*o - 2*o. What are the prime factors of o?
2, 3
Suppose 4*q - 24 = -4. Suppose 4*m - 1 = 4*n - 29, 55 = q*n - m. What are the prime factors of n?
2, 3
Suppose -5*q + 244 = -431. Let c = q + -79. What are the prime factors of c?
2, 7
What are the prime factors of 2*(-64)/(3 - 5)?
2
Let q = 4 + 36. List the prime factors of q.
2, 5
Suppose -8*w - 192 = -12*w. Let n = w + -27. What are the prime factors of n?
3, 7
Suppose -32 = -0*c - c. Suppose -4*x = -i - 46, -c = -2*x + 2*i + 3*i. List the prime factors of x.
11
Let a be 0 - 0/(2 - 5). Let p = a - -10. What are the prime factors of p?
2, 5
Let z(b) = b**2 - 4*b - 8. Let t be z(6). Suppose -4*u = -2*u + t. List the prime factors of (-32)/u - (-16)/8.
2, 3
Let p(t) = -t**2 + 5*t + 3. Let o be p(5). Let c(k) = 0*k**2 - 3*k**2 - k**3 + 8*k**2 - 3 + 4 - 3*k. List the prime factors of c(o).
2, 5
Suppose -v + 3*v = 132. What are the prime factors of v?
2, 3, 11
Suppose -3*n + 2*j - 2 = 0, 3*n = -5*j + 2*j - 12. Let y = n - -2. Suppose -4*c + 0*s + 2*s + 40 = 0, 3*s + 6 = y. What are the prime factors of c?
3
Let i(p) = -p + 11. Let d be i(10). List the prime factors of 7 - (-2)/(-3 + d).
2, 3
Suppose i + n = 4*i - 25, 0 = -2*i - n + 25. Suppose -2*u + 49 = g - i, -5*u = 5*g - 160. List the prime factors of u.
3
Suppose 0 = b + 7 - 102. List the prime factors of b.
5, 19
What are the prime factors of 1/((-15)/24)*-10?
2
Let c(u) = u**2 - 9*u - 4. Let w be c(10). Let k = 19 - w. List the prime factors of k.
13
Let b(v) = v**3 + 2*v**2 - 2. Suppose -4*h - 4*u = -2*h - 20, 0 = -h + u + 1. Suppose q - 3*q = -h. What are the prime factors of b(q)?
2, 7
Suppose 3*p = 0, -3*u + p = -2*p - 210. List the prime factors of u.
2, 5, 7
Suppose 2*a + 2 = 14. Suppose a = -3*w + 4*g - 11, -5*w - 2*g + 15 = 0. List the prime factors of w*2 - 20/(-4).
7
Let a = -45 + 80. What are the prime factors of a?
5, 7
List the prime factors of (-1)/4 + (-3647)/(-28).
2, 5, 13
Suppose -55 = -2*o + o. Let x = o + -20. Suppose x = 2*m - 3. What are the prime factors of m?
19
Suppose 3*o = 10 + 2. Suppose -48 = o*l - 8*l. What are the prime factors of l?
2, 3
Let z(f) = f**2 + 3*f + 4. What are the prime factors of z(-3)?
2
Let x = 5 - 8. Let y(j) = -2*j + 1. List the prime factors of y(x).
7
Let w(g) = -5*g + 4. List the prime factors of w(-3).
19
Let f be 4 + 1*-6 + 1. What are the prime factors of (14 + 0 + f)*1?
13
Let i(j) = -9*j + 4. Let r be i(-8). Suppose 2*w = 4*w - r. What are the prime factors of w?
2, 19
Suppose a + 0*a = 33. Let f = 57 - a. List the prime factors of f.
2, 3
Let t be 2/(-4)*(12 + 0). List the prime factors of 0*3/t - -2.
2
What are the prime factors of (9/6)/(-3 - 1377/(-458))?
229
Suppose -53 = -4*n - 17. Let z = n - 1. What are the prime factors of z?
2
Let b(c) = -c**2 + 4*c + 2. Let w be 5 - 4 - 1*-3. Let t be b(w). Suppose 60 = t*v + 3*v. List the prime factors of v.
2, 3
Let c be -1 - (-2)/(-2)*-1. Suppose c = -5*w + 5*f + 5, -1 = 2*w + 2*f - 11. What are the prime factors of w?
3
Suppose 2*c - 3*c + 165 = -5*b, -2*c + 33 = -b. Let q be (-1)/(b/(-12) + -3). Suppose 0*z - 2*z + q = 0. List the prime factors of z.
2
Suppose 8*x - 220 = 3*x. List the prime factors of x.
2, 11
Let n = 7 - 7. Let j(f) = f**3 + f**2 + 5. What are the prime factors of j(n)?
5
Let j(g) = 72*g + 7. What are the prime factors of j(1)?
79
Suppose 2*c - 4*c = -12. Suppose -56 = c*y - 10*y. List the prime factors of y.
2, 7
Suppose -3*q = -q + 28. Suppose -2*g = 3*m - 14, -2 + 28 = 5*g + 3*m. What are the prime factors of (0 + q)*(-5 + g)?
2, 7
What are the prime factors of 1438*(-4)/(-56) - (-4)/14?
103
Let y(v) = -v**2 + 9*v + 4. What are the prime factors of y(5)?
2, 3
Suppose 0 = -2*v - 3*u + 400, 9*u = -5*v + 8*u + 987. List the prime factors of v.
197
Let a be 688/18 + 6/(-27). Let h = -22 + a. List the prime factors of h.
2
Let x(g) = g**3 - 5*g**2 + g - 3. Let n = 18 - 13. Let v be x(n). What are the prime factors of 267/21 + v/7?
13
Let d(g) = g**3 + g**2 + 4*g + 3. Suppose b - 6 = 6*j - 4*j, -2*b + 5*j = -16. Let s be d(b). Let n = s + 14. What are the prime factors of n?
5
Let x be (-10)/(-15) - (-13)/3. Suppose 5*j - 2*g = 40, -2*j - x*g + g + 40 = 0. Let f(m) = m**3 - 11*m**2 + 12*m - 7. List the prime factors of f(j).
13
Suppose 2 = 4*q - 2. Let p be (3 - q) + 19 - 1. Suppose -4*b + 4*y = -p - 8, -2*b + 3*y = -11. What are the prime factors of b?
2, 5
Let a be 3/((-30)/(-4))*-5. Let j be a + 3 + 2 + 0. Suppose 12 = 4*f + 4, j*f = z - 5. List the prime factors of z.
11
Let g = -6 - -13. Let l = g + -11. Let k = 17 + l. What are the prime factors of k?
13
Let l = -38 + 51. List the prime factors of l.
13
Let x(v) = 4*v**2 - v - 6. Let h(t) be the second derivative of -t**4/2 + t**3/3 + 9*t**2/2 + 2*t. Let m(s) = -5*h(s) - 7*x(s). List the prime factors of m(3).
2, 3
Suppose 2*l + 4*q - 12 = 0, 2*l + l - 3 = -q. Suppose -3*f = -5*n + 16, -4*n - 2*f = -l - 26. Suppose n*x - 13 = 62. What are the prime factors of x?
3, 5
Let f(a) = a**3 - 3*a**2 - 6*a + 3. Let u be f(4). Let r(b) = -b**3 - 5*b**2 - b + 3. List the prime factors of r(u).
2
Suppose -6 - 19 = 5*y. Let k be y/(-20) + (-38)/(-8). Suppose 4*b + h = -3*h + 44, 5*h = k*b - 45. List the prime factors of b.
2, 5
Let s(j) = 10*j**3 + 3*j**2 - 3. Let g(b) = -b**3 + b**2 - 1. Let h(t) = 2*g(t) - s(t). Let y be h(-1). Let a = -8 + y. List the prime factors of a.
2
Let x(k) = -3*k**3 - k**2 + 1. Let o be x(-1). Suppose o*j - 25 = 5. List the prime factors of j.
2, 5
Suppose 5*q - 32 + 6 = -j, -4*j + 3*q + 81 = 0. What are the prime factors of j?
3, 7
Let q(f) = -4*f + 9*f - 7*f. Let g(w) = -w**3 - 3*w**2 - 1. Let a be g(-3). List the prime factors of q(a).
2
Let j(p) = p**2 - 5*p + 2. Let t be j(5). Suppose -4*v - 24 = -t*c, 4*c - 18 = -2*v + 10. What are t